{"id":1050,"date":"2015-08-18T14:01:21","date_gmt":"2015-08-18T14:01:21","guid":{"rendered":"https:\/\/sagiroglumakina.com.tr\/?page_id=1050"},"modified":"2023-08-24T10:35:39","modified_gmt":"2023-08-24T07:35:39","slug":"home","status":"publish","type":"page","link":"https:\/\/sagiroglumakina.com.tr\/","title":{"rendered":"Ana Sayfa"},"content":{"rendered":"<section class=\"wpb-content-wrapper\"><p>[vc_row][vc_column]<div class=\"sc_content content_wrap\" style=\"margin-bottom:4.35em !important;\">[vc_empty_space height=&#8221;3.8em&#8221;]<h2 class=\"sc_title sc_title_regular sc_align_center styling2\" style=\"margin-bottom:0.2em;text-align:center;\">Bah\u00e7enizin Havas\u0131n\u0131 De\u011fi\u015ftirin<\/h2>[vc_column_text el_class=&#8221;slider-alti-aciklama&#8221;]<\/p>\n<p style=\"text-align: center;\">\u0130ster bitkilerinizi ila\u00e7lay\u0131p koruyun, isterseniz de uzun &#8211; yabani otlara kar\u015f\u0131 g\u00fc\u00e7l\u00fc bir m\u00fccadele eleman\u0131 edinin. Profesyonel ekipmanlar\u0131m\u0131z hizmetinizde&#8230;<\/p>\n<p>[\/vc_column_text]<\/div>[vc_row_inner][vc_column_inner width=&#8221;4\/12&#8243;][\/vc_column_inner][vc_column_inner width=&#8221;5\/12&#8243;][vc_gallery type=&#8221;image_grid&#8221; images=&#8221;2052,2043,2044,2060,2061,2132&#8243;][vc_empty_space height=&#8221;2.8571em&#8221;][\/vc_column_inner][vc_column_inner width=&#8221;3\/12&#8243;][\/vc_column_inner][\/vc_row_inner][\/vc_column][\/vc_row][vc_row full_width=&#8221;stretch_row_content_no_spaces&#8221;][vc_column]<div class=\"sc_parallax sc_parallax_reverse_yes\" data-parallax-speed=\"0.3\" data-parallax-x-pos=\"50%\" data-parallax-y-pos=\"50%\"><div class=\"sc_parallax_content\" style=\"background-image:url(https:\/\/sagiroglumakina.com.tr\/wp-content\/uploads\/2023\/08\/body-step-1.jpg.ximg_.l_full_m.smart_.webp); background-position:50% 50%;\"><div class=\"sc_parallax_overlay\" style=\"background-color:rgba(23,200,244,0.2);\" data-overlay=\"0.2\" data-bg_color=\"#17c8f4\"><div class=\"sc_content content_wrap\">[vc_empty_space height=&#8221;2.8571em&#8221;]<div id=\"sc_skills_diagram_1248297049\" class=\"sc_skills sc_skills_counter\" style=\"margin-top:3em;margin-bottom:3em;\" data-type=\"counter\" data-caption=\"Skills\"><h2 class=\"sc_skills_title sc_item_title\">\u0130statistiklerle Biz<\/h2><div class=\"sc_skills_descr sc_item_descr\">Sekt\u00f6rdeki ba\u015far\u0131m\u0131z\u0131 ortaya koyan baz\u0131 istatistikleri derledik<\/div><div class=\"columns_wrap sc_skills_columns sc_skills_columns_4\"><div class=\"sc_skills_column column-1_4\"><div class=\"sc_skills_item sc_skills_style_1 odd first\"><div class=\"sc_skills_icon icon-wallet-light\"><\/div><div class=\"sc_skills_count\"><\/div><div class=\"sc_skills_total\" data-start=\"0\" data-stop=\"443\" data-step=\"100\" data-max=\"9999\" data-speed=\"12\" data-duration=\"53\" data-ed=\"\">0<\/div><div class=\"sc_skills_info\"><div class=\"sc_skills_label\">Ba\u015far\u0131l\u0131 Sat\u0131\u015f<\/div><\/div><\/div><\/div><div class=\"sc_skills_column column-1_4\"><div class=\"sc_skills_item sc_skills_style_1 even\"><div class=\"sc_skills_icon icon-layers\"><\/div><div class=\"sc_skills_count\"><\/div><div class=\"sc_skills_total\" data-start=\"0\" data-stop=\"8\" data-step=\"100\" data-max=\"9999\" data-speed=\"39\" data-duration=\"3\" data-ed=\"\">0<\/div><div class=\"sc_skills_info\"><div class=\"sc_skills_label\">\u00c7\u00f6z\u00fcm Ortakl\u0131\u011f\u0131<\/div><\/div><\/div><\/div><div class=\"sc_skills_column column-1_4\"><div class=\"sc_skills_item sc_skills_style_1 odd\"><div class=\"sc_skills_icon icon-users-group\"><\/div><div class=\"sc_skills_count\"><\/div><div class=\"sc_skills_total\" data-start=\"0\" data-stop=\"127\" data-step=\"100\" data-max=\"9999\" data-speed=\"15\" data-duration=\"19\" data-ed=\"\">0<\/div><div class=\"sc_skills_info\"><div class=\"sc_skills_label\">Memnun M\u00fc\u015fteri<\/div><\/div><\/div><\/div><div class=\"sc_skills_column column-1_4\"><div class=\"sc_skills_item sc_skills_style_1 even\"><div class=\"sc_skills_icon icon-shoppingcart\"><\/div><div class=\"sc_skills_count\"><\/div><div class=\"sc_skills_total\" data-start=\"0\" data-stop=\"165\" data-step=\"100\" data-max=\"9999\" data-speed=\"21\" data-duration=\"35\" data-ed=\"\">0<\/div><div class=\"sc_skills_info\"><div class=\"sc_skills_label\">Farkl\u0131 \u00dcr\u00fcn<\/div><\/div><\/div><\/div><\/div><\/div>[vc_empty_space height=&#8221;4.15em&#8221;]<\/div><\/div><\/div><\/div>[\/vc_column][\/vc_row][vc_row][vc_column][vc_empty_space height=&#8221;99px&#8221;]<div class=\"sc_content content_wrap\"><div class=\"columns_wrap sc_columns columns_nofluid no_margins nodark_section_columns sc_columns_count_2\"><div class=\"column-1_2 sc_column_item sc_column_item_1 odd first\"><figure class=\"sc_image  sc_image_shape_square\"><img decoding=\"async\" src=\"https:\/\/sagiroglumakina.com.tr\/wp-content\/uploads\/2023\/08\/stihl.webp\" alt=\"\" \/><\/figure><\/div><div class=\"column-1_2 sc_column_item sc_column_item_2 even\"><h3 class=\"sc_title sc_title_regular styling1\" style=\"margin-left:20px;\">Her Zaman En Kaliteli Markalar<\/h3>[vc_column_text css=&#8221;.vc_custom_1692621081897{margin-left: 20px !important;}&#8221;]Sekt\u00f6rde nam salm\u0131\u015f Stihl, Oleo-Mac, Palmera gibi markalar\u0131n yan\u0131s\u0131ra Firewolf, Storm Hawks, Wind Force gibi kendimize ait kaliteli markalar\u0131 da sizlerle bulu\u015fturmaktay\u0131z[\/vc_column_text]<a href=\"\/our-clients\/\" class=\"sc_button sc_button_square sc_button_style_filled sc_button_bg_color_style_bg_style1 sc_button_size_small\" style=\"margin-top:1.914em;margin-left:20px;\">t\u00fcm markalar<\/a><\/div><\/div><\/div>[vc_empty_space height=&#8221;58px&#8221;][\/vc_column][\/vc_row][vc_row full_width=&#8221;stretch_row_content_no_spaces&#8221;][vc_column]<div class=\"sc_section sc_section_reverse_no\" style=\"background-image:url(https:\/\/sagiroglumakina.com.tr\/wp-content\/uploads\/2015\/08\/bg_testimonials_home.jpg);background-repeat:no-repeat;background-size:cover;\"><div class=\"sc_section_inner\"><div class=\"sc_section_overlay\" style=\"\"><div class=\"sc_section_content padding_on\" style=\"\"><div class=\"sc_content content_wrap\">[vc_empty_space height=&#8221;4.9286em&#8221;]<div id=\"sc_testimonials_1918372183\" class=\"sc_testimonials sc_testimonials_style_testimonials-3  dark_style_yes sc_slider_swiper swiper-slider-container sc_slider_nopagination sc_slider_controls sc_slider_controls_bottom\" data-interval=\"5722\" data-slides-per-view=\"3\" data-slides-space=\"30\" style=\"width:100%;\"><h2 class=\"sc_testimonials_title sc_item_title sc_item_title_wo_desc\">Bizi bir de m\u00fc\u015fterilerimizden dinleyin<\/h2><div class=\"slides swiper-wrapper\"><div class=\"swiper-slide\" data-style=\"width:100%;\" style=\"width:100%;\">\t\t\t<div id=\"sc_testimonials_1918372183_1\" class=\"sc_testimonial_item\">\n\t\t\t\t<div class=\"sc_testimonial_content\"><p>Ha\u015ferelerle m\u00fccadelede bezme noktas\u0131na geldi\u011fimiz bir anda kendilerinden ald\u0131\u011f\u0131m\u0131z ila\u00e7lama makinesini kulland\u0131k ve sorunun \u00fcstesinden gelebildik.<\/p>\n<\/div>\n\t\t\t\t\t\t\t\t<div class=\"sc_testimonial_author\"><span class=\"sc_testimonial_author_name\">Erman Seymen<\/span><span class=\"sc_testimonial_author_position\">Serbest \u00c7al\u0131\u015fan<\/span><\/div>\n\t\t\t\t\t\t\t\t\t\t\t\t<div class=\"sc_testimonial_avatar\"><img loading=\"lazy\" decoding=\"async\" class=\"wp-post-image\" width=\"75\" height=\"75\" alt=\"\u0130la\u00e7lama Makinesi Hakk\u0131nda G\u00f6r\u00fc\u015f\" src=\"https:\/\/sagiroglumakina.com.tr\/wp-content\/uploads\/2015\/06\/leadership_x1800-75x75.webp\"><\/div>\n\t\t\t\t\t\t\t<\/div>\n\t\t<\/div><div class=\"swiper-slide\" data-style=\"width:100%;\" style=\"width:100%;\">\t\t\t<div id=\"sc_testimonials_1918372183_2\" class=\"sc_testimonial_item\">\n\t\t\t\t<div class=\"sc_testimonial_content\"><p>\u00c7im bi\u00e7meyi zahmetli bir eylemden keyifli bir aktiviteye d\u00f6n\u00fc\u015ft\u00fcren \u00e7im bi\u00e7me makinelerini kullan\u0131yorum, memnunum.<\/p>\n<\/div>\n\t\t\t\t\t\t\t\t<div class=\"sc_testimonial_author\"><span class=\"sc_testimonial_author_name\">Bade Koruluo\u011flu<\/span><span class=\"sc_testimonial_author_position\">Peyzaj Mimar\u0131<\/span><\/div>\n\t\t\t\t\t\t\t\t\t\t\t\t<div class=\"sc_testimonial_avatar\"><img loading=\"lazy\" decoding=\"async\" class=\"wp-post-image\" width=\"75\" height=\"75\" alt=\"\u00c7im bi\u00e7me makinesi hakk\u0131nda g\u00f6r\u00fc\u015f\" src=\"https:\/\/sagiroglumakina.com.tr\/wp-content\/uploads\/2015\/06\/20200630141201749-75x75.webp\"><\/div>\n\t\t\t\t\t\t\t<\/div>\n\t\t<\/div><div class=\"swiper-slide\" data-style=\"width:100%;\" style=\"width:100%;\">\t\t\t<div id=\"sc_testimonials_1918372183_3\" class=\"sc_testimonial_item\">\n\t\t\t\t<div class=\"sc_testimonial_content\"><p>Sa\u011f\u0131ro\u011flu Makina'dan ald\u0131\u011f\u0131m motorlu testerenin performans\u0131 i\u015f verimimi \u00f6nemli \u00f6l\u00e7\u00fcde art\u0131rd\u0131. Tutu\u015f ve kavrama kolayl\u0131\u011f\u0131 ile dayan\u0131kl\u0131l\u0131\u011f\u0131 da cabas\u0131.<\/p>\n<\/div>\n\t\t\t\t\t\t\t\t<div class=\"sc_testimonial_author\"><span class=\"sc_testimonial_author_name\">Ula\u015f Efekan<\/span><span class=\"sc_testimonial_author_position\">Marangoz<\/span><\/div>\n\t\t\t\t\t\t\t\t\t\t\t\t<div class=\"sc_testimonial_avatar\"><img loading=\"lazy\" decoding=\"async\" class=\"wp-post-image\" width=\"75\" height=\"75\" alt=\"Motorlu Testere Hakk\u0131nda G\u00f6r\u00fc\u015f\" src=\"https:\/\/sagiroglumakina.com.tr\/wp-content\/uploads\/2015\/05\/facebook-profile-picture-affects-chances-of-gettin_fr3n.1200-75x75.webp\"><\/div>\n\t\t\t\t\t\t\t<\/div>\n\t\t<\/div><\/div><div class=\"sc_slider_controls_wrap\"><a class=\"sc_slider_prev\" href=\"#\"><\/a><a class=\"sc_slider_next\" href=\"#\"><\/a><\/div><div class=\"sc_slider_pagination_wrap\"><\/div><\/div>[vc_empty_space height=&#8221;6em&#8221;]<\/div><\/div><\/div><\/div><\/div>[\/vc_column][\/vc_row][vc_row full_width=&#8221;stretch_row_content_no_spaces&#8221;][vc_column]<div class=\"sc_section sc_section_reverse_no\" style=\"background-color:#f7f7f7;\"><div class=\"sc_section_inner\"><div class=\"sc_section_overlay\" style=\"\"><div class=\"sc_section_content padding_on\" style=\"\"><div class=\"sc_content content_wrap\">[vc_empty_space height=&#8221;1.9286em&#8221;]<div id=\"sc_clients_1636283188_wrap\" class=\"sc_clients_wrap\"><div id=\"sc_clients_1636283188\" class=\"sc_clients sc_clients_style_clients-1  sc_slider_nopagination sc_slider_nocontrols\" data-interval=\"7608\" data-slides-per-view=\"3\" style=\"margin-top:3em;margin-bottom:3em;width:100%;\"><h2 class=\"sc_clients_title sc_item_title\">Markalar<\/h2><div class=\"sc_clients_descr sc_item_descr\">Sa\u011f\u0131ro\u011flu Makina, bah\u00e7e ekipmanlar\u0131 konusunda kalitesini ortaya koyan y\u0131ld\u0131z markalarla \u00e7al\u0131\u015fmaktad\u0131r. \u0130\u015fte kendi markalar\u0131m\u0131z (\u00fcst s\u0131ra) ve sat\u0131\u015f\u0131n\u0131 yapt\u0131\u011f\u0131m\u0131z di\u011fer markalar (alt s\u0131ra)<\/div><div class=\"sc_columns columns_wrap\"><div class=\"column-1_3 column_padding_bottom\">\t\t\t<div id=\"sc_clients_1636283188_1\" class=\"sc_clients_item sc_clients_item_1 odd first\">\n\t\t\t\t\t\t\t\t<div class=\"sc_client_image\"><img decoding=\"async\" class=\"wp-post-image\" alt=\"Wind Force\" src=\"https:\/\/sagiroglumakina.com.tr\/wp-content\/uploads\/2023\/08\/wind-force.webp\"><\/div>\n\t\t\t\t\t\t\t<\/div>\n\t\t<\/div><div class=\"column-1_3 column_padding_bottom\">\t\t\t<div id=\"sc_clients_1636283188_2\" class=\"sc_clients_item sc_clients_item_2 even\">\n\t\t\t\t\t\t\t\t<div class=\"sc_client_image\"><img decoding=\"async\" class=\"wp-post-image\" alt=\"Storm Hawks\" src=\"https:\/\/sagiroglumakina.com.tr\/wp-content\/uploads\/2023\/08\/storm-hawks.webp\"><\/div>\n\t\t\t\t\t\t\t<\/div>\n\t\t<\/div><div class=\"column-1_3 column_padding_bottom\">\t\t\t<div id=\"sc_clients_1636283188_3\" class=\"sc_clients_item sc_clients_item_3 odd\">\n\t\t\t\t\t\t\t\t<div class=\"sc_client_image\"><img decoding=\"async\" class=\"wp-post-image\" alt=\"Fire Wolf\" src=\"https:\/\/sagiroglumakina.com.tr\/wp-content\/uploads\/2023\/08\/Istirakler-Markalar-1.webp\"><\/div>\n\t\t\t\t\t\t\t<\/div>\n\t\t<\/div><\/div><\/div><!-- \/.sc_clients --><\/div><!-- \/.sc_clients_wrap --><div id=\"sc_clients_1080329065_wrap\" class=\"sc_clients_wrap\"><div id=\"sc_clients_1080329065\" class=\"sc_clients sc_clients_style_clients-1  sc_slider_pagination sc_slider_pagination_bottom sc_slider_nocontrols sc_slider_swiper swiper-slider-container\" data-interval=\"9644\" data-slides-per-view=\"6\" style=\"margin-top:3em;margin-bottom:3em;width:100%;\"><div class=\"slides swiper-wrapper\"><div class=\"swiper-slide\" data-style=\"width:100%;\" style=\"width:100%;\">\t\t\t<div id=\"sc_clients_1080329065_1\" class=\"sc_clients_item sc_clients_item_1 odd first\">\n\t\t\t\t\t\t\t\t<div class=\"sc_client_image\"><img decoding=\"async\" class=\"wp-post-image\" alt=\"Tmax Tool\" src=\"https:\/\/sagiroglumakina.com.tr\/wp-content\/uploads\/2023\/08\/Tmaxtool.webp\"><\/div>\n\t\t\t\t\t\t\t<\/div>\n\t\t<\/div><div class=\"swiper-slide\" data-style=\"width:100%;\" style=\"width:100%;\">\t\t\t<div id=\"sc_clients_1080329065_2\" class=\"sc_clients_item sc_clients_item_2 even\">\n\t\t\t\t\t\t\t\t<div class=\"sc_client_image\"><img decoding=\"async\" class=\"wp-post-image\" alt=\"Zomax\" src=\"https:\/\/sagiroglumakina.com.tr\/wp-content\/uploads\/2023\/08\/Zomax.webp\"><\/div>\n\t\t\t\t\t\t\t<\/div>\n\t\t<\/div><div class=\"swiper-slide\" data-style=\"width:100%;\" style=\"width:100%;\">\t\t\t<div id=\"sc_clients_1080329065_3\" class=\"sc_clients_item sc_clients_item_3 odd\">\n\t\t\t\t\t\t\t\t<div class=\"sc_client_image\"><img decoding=\"async\" class=\"wp-post-image\" alt=\"Weibang\" src=\"https:\/\/sagiroglumakina.com.tr\/wp-content\/uploads\/2023\/08\/Weibang.webp\"><\/div>\n\t\t\t\t\t\t\t<\/div>\n\t\t<\/div><div class=\"swiper-slide\" data-style=\"width:100%;\" style=\"width:100%;\">\t\t\t<div id=\"sc_clients_1080329065_4\" class=\"sc_clients_item sc_clients_item_4 even\">\n\t\t\t\t\t\t\t\t<div class=\"sc_client_image\"><img decoding=\"async\" class=\"wp-post-image\" alt=\"Palmera\" src=\"https:\/\/sagiroglumakina.com.tr\/wp-content\/uploads\/2023\/08\/Palmera.webp\"><\/div>\n\t\t\t\t\t\t\t<\/div>\n\t\t<\/div><div class=\"swiper-slide\" data-style=\"width:100%;\" style=\"width:100%;\">\t\t\t<div id=\"sc_clients_1080329065_5\" class=\"sc_clients_item sc_clients_item_5 odd\">\n\t\t\t\t\t\t\t\t<div class=\"sc_client_image\"><img decoding=\"async\" class=\"wp-post-image\" alt=\"Husqvarna\" src=\"https:\/\/sagiroglumakina.com.tr\/wp-content\/uploads\/2023\/08\/Husqvarna.webp\"><\/div>\n\t\t\t\t\t\t\t<\/div>\n\t\t<\/div><div class=\"swiper-slide\" data-style=\"width:100%;\" style=\"width:100%;\">\t\t\t<div id=\"sc_clients_1080329065_6\" class=\"sc_clients_item sc_clients_item_6 even\">\n\t\t\t\t\t\t\t\t<div class=\"sc_client_image\"><img decoding=\"async\" class=\"wp-post-image\" alt=\"Oleo-Mac\" src=\"https:\/\/sagiroglumakina.com.tr\/wp-content\/uploads\/2023\/08\/Oleo-Mac-1.webp\"><\/div>\n\t\t\t\t\t\t\t<\/div>\n\t\t<\/div><\/div><div class=\"sc_slider_controls_wrap\"><a class=\"sc_slider_prev\" href=\"#\"><\/a><a class=\"sc_slider_next\" href=\"#\"><\/a><\/div><div class=\"sc_slider_pagination_wrap\"><\/div><\/div><!-- \/.sc_clients --><\/div><!-- \/.sc_clients_wrap -->[vc_empty_space height=&#8221;3.2857em&#8221;]<\/div><\/div><\/div><\/div><\/div>[\/vc_column][\/vc_row]<\/p>\n<\/section>","protected":false},"excerpt":{"rendered":"<p>[vc_row][vc_column][vc_row_inner][vc_column_inner width=&#8221;4\/12&#8243;][\/vc_column_inner][vc_column_inner width=&#8221;5\/12&#8243;][vc_gallery type=&#8221;image_grid&#8221; images=&#8221;2052,2043,2044,2060,2061,2132&#8243;][vc_empty_space height=&#8221;2.8571em&#8221;][\/vc_column_inner][vc_column_inner width=&#8221;3\/12&#8243;][\/vc_column_inner][\/vc_row_inner][\/vc_column][\/vc_row][vc_row full_width=&#8221;stretch_row_content_no_spaces&#8221;][vc_column][\/vc_column][\/vc_row][vc_row][vc_column][vc_empty_space height=&#8221;99px&#8221;][vc_empty_space height=&#8221;58px&#8221;][\/vc_column][\/vc_row][vc_row full_width=&#8221;stretch_row_content_no_spaces&#8221;][vc_column][\/vc_column][\/vc_row][vc_row full_width=&#8221;stretch_row_content_no_spaces&#8221;][vc_column][\/vc_column][\/vc_row]<\/p>\n","protected":false},"author":1,"featured_media":0,"parent":0,"menu_order":0,"comment_status":"open","ping_status":"open","template":"","meta":{"inline_featured_image":false,"footnotes":""},"class_list":["post-1050","page","type-page","status-publish","hentry"],"_links":{"self":[{"href":"https:\/\/sagiroglumakina.com.tr\/index.php\/wp-json\/wp\/v2\/pages\/1050","targetHints":{"allow":["GET"]}}],"collection":[{"href":"https:\/\/sagiroglumakina.com.tr\/index.php\/wp-json\/wp\/v2\/pages"}],"about":[{"href":"https:\/\/sagiroglumakina.com.tr\/index.php\/wp-json\/wp\/v2\/types\/page"}],"author":[{"embeddable":true,"href":"https:\/\/sagiroglumakina.com.tr\/index.php\/wp-json\/wp\/v2\/users\/1"}],"replies":[{"embeddable":true,"href":"https:\/\/sagiroglumakina.com.tr\/index.php\/wp-json\/wp\/v2\/comments?post=1050"}],"version-history":[{"count":61,"href":"https:\/\/sagiroglumakina.com.tr\/index.php\/wp-json\/wp\/v2\/pages\/1050\/revisions"}],"predecessor-version":[{"id":2223,"href":"https:\/\/sagiroglumakina.com.tr\/index.php\/wp-json\/wp\/v2\/pages\/1050\/revisions\/2223"}],"wp:attachment":[{"href":"https:\/\/sagiroglumakina.com.tr\/index.php\/wp-json\/wp\/v2\/media?parent=1050"}],"curies":[{"name":"wp","href":"https:\/\/api.w.org\/{rel}","templated":true}]}}